 What are the prime factors of b(-29)?
2, 1009
Let k = -7 - -7. Let l(b) = b**2 + 2*b + 30. Let f be l(k). List the prime factors of f - (-4 + 7 + -4).
31
Let m(t) = -t**2 + 148*t - 556. What are the prime factors of m(56)?
2, 3, 383
Suppose -4*t + 0*g = 5*g + 25, -4*g = 20. Suppose t = 4*b - a - 0*a - 1902, a + 1427 = 3*b. List the prime factors of b.
5, 19
Let j be (-17)/7 - (-33)/77. Let q be (111 - j) + 4/(-4 - -2). Suppose 11*u - 1860 = -q. List the prime factors of u.
3, 53
Let a be (-2)/(-10) + (-24)/20. Suppose 70*x = 80*x - 70. What are the prime factors of (-4 + x + a)*(-113)/(-2)?
113
Let t(j) = j**2 - 1. Let m(v) = v**3 + 9*v**2 - 26*v + 4. Let i(u) = m(u) + 6*t(u). What are the prime factors of i(-15)?
2, 97
Suppose 261 - 33 = 4*j. List the prime factors of j/(3 + (-92)/32).
2, 3, 19
Let u(p) = -53*p + 55. Let r be u(1). Suppose -r*l = 4*g - 1652, 5*l + g - 4094 = -0*g. What are the prime factors of l?
2, 409
Let k(w) = -w**2 - 15*w - 10. Let y be k(-13). Let a(f) = 2*f - 34. Let m be a(y). List the prime factors of 25 - m*(-5)/(-10).
2, 13
Let u = 178 - 588. Let f = -96 - u. List the prime factors of f.
2, 157
Suppose -14*j = -18*j - 80. Let t = -19 - j. Let v(n) = 64*n**2 + 2*n - 2. What are the prime factors of v(t)?
2
Let s(c) = 7*c**3 + 13*c - 39. Let f = -263 + 267. List the prime factors of s(f).
461
Suppose 5*z + i = -35, 3*z - 3*i = -2*z - 15. What are the prime factors of (-4)/z + 9108/108?
5, 17
Suppose 0 = 5*r - 4*j - 83473, -22*r - 5*j = -23*r + 16682. What are the prime factors of r?
59, 283
Suppose -90 = -15*o - 15. Suppose -o*b - 1759 = -4*p, -6*b + 421 = p - b. What are the prime factors of p?
2, 109
Let y = 4673 + 1680. What are the prime factors of y?
6353
Suppose -2*r = -k - 4*k + 8, 3*k - 12 = 0. Let j(s) = 23*s - 81. List the prime factors of j(r).
3, 19
Let l be 8/96*16*(-54)/4. What are the prime factors of ((-1288)/112)/(-1 + (-17)/l)?
3, 23
Let w be (-3 - (-1)/3)/((-2)/306). Let d be w/18*30/4. Suppose 2*h - 4*y + 24 = d, y = 2*h - 137. What are the prime factors of h?
67
Suppose l - 5*q = 5*l - 760, -q - 784 = -4*l. Suppose 0 = 2*g + 9 - l. What are the prime factors of g?
3, 31
What are the prime factors of (-8)/(-3)*(14/91 + 4364711/338)?
2, 8609
What are the prime factors of (1106 - 2)/(((-16)/252)/((-4)/18))?
2, 3, 7, 23
What are the prime factors of -12*(-4)/6 + 10577 + -1?
2, 3, 7
Suppose 5*d + 5*o - 73610 = 0, 58893 = 4*d + 41*o - 36*o. What are the prime factors of d?
14717
Let j(a) = -a**3 + 13*a**2 + 2*a + 16. Suppose -7*n = -5*n + y - 20, 2*n - 3*y - 36 = 0. What are the prime factors of j(n)?
2, 23
What are the prime factors of (4/(-8))/(-11 + 572211/52020)?
2, 5, 17
Let y(x) = -2*x - 1. Let d be y(4). Suppose -110 = -42*r - 4*r - 9*r. What are the prime factors of 195/r + d/6?
2, 3
Let h(p) = 210*p - 145. Let l(z) = -627*z + 433. Let j(g) = -17*h(g) - 6*l(g). What are the prime factors of j(4)?
5, 127
What are the prime factors of 303799/10 + 568/5680?
2, 5, 7, 31
Let i be (310/3)/((3 - 1)/(-6)). Let g = i - -574. Suppose -56 = 4*f - g. What are the prime factors of f?
2, 13
Let b = -21 + 8651. List the prime factors of b.
2, 5, 863
Let h(r) = 27*r**2 - 39*r + 674. What are the prime factors of h(11)?
2, 439
Let y(h) = -12222*h - 721. List the prime factors of y(-2).
7, 3389
Suppose -34 + 64 = 6*o. Suppose 3*p + 2*a + 3*a = 1005, -5*a = o*p - 1685. List the prime factors of p.
2, 5, 17
Suppose -90*b = 35865 - 150646 - 49199. What are the prime factors of b?
2, 911
Let m(h) = 34*h**3 + h**2 + h - 2. Suppose 3 = x - 0. What are the prime factors of m(x)?
2, 29
Let g(d) = 38*d**2 + 1. Let k be g(1). Suppose -3*u + 90 + k = 2*t, 0 = -u + 3*t + 43. What are the prime factors of u*7*38/133?
2, 43
Let s = -32360 - -64451. List the prime factors of s.
3, 19, 563
Let g(a) = -118*a. Let h be g(1). Suppose -519*v + 4660 = -499*v. Let u = h + v. List the prime factors of u.
5, 23
Let l(k) = k**2 - 12*k + 13. Let o be l(11). Let m be (-25 + (-2 - -2) - -4)*o. What are the prime factors of (-2)/5*-2*(-1575)/m?
2, 3, 5
What are the prime factors of 395169/27 + (4/26 - (-5)/(-117))?
2, 3659
Let t(s) = -292*s - 13. Let b be t(-4). Suppose p + f - 399 + 10 = 0, -3*p + b = -3*f. List the prime factors of p.
3, 43
Let h(p) = -8*p**2 - 1 - 3*p**3 + 7*p**2 - 16*p**2 + 5*p**2 - 28*p. List the prime factors of h(-7).
2, 3, 53
Let q be 7 - 0 - (-1 + 5). Suppose -729 - 331 = -2*p - 2*d, -5*p + 2656 = q*d. Suppose -3*j + p - 122 = 0. What are the prime factors of j?
137
Let d(m) = -3*m + 2. Let o(v) = -183*v - 75. Let b(z) = 2*d(z) + o(z). List the prime factors of b(-6).
1063
Let y = -607 - -639. List the prime factors of 519 - (6 + y/(-8)).
11, 47
Let v = 278 - 101. Let r be v/(30/(-8)*(-2)/(-5)). List the prime factors of 1/(-4)*-6 - r/4.
31
Suppose 0 = -4*f + 5 + 7, -4*h - 340 = 4*f. Let y be (0 + 6)/((-6)/8). Let x = y - h. What are the prime factors of x?
2, 5
Suppose 0 = -10*w - 2*w + 90684. Suppose 30*n + w = 63*n. List the prime factors of n.
229
Suppose 38*l + 144 = 14*l. What are the prime factors of (-28504)/(-40) + l/(-15)?
23, 31
Suppose 0 = 7*j - 5*j - 32. Let f(z) = z**2 - 13*z - 24. Let c be f(j). What are the prime factors of (c/(-20))/((-3)/80)?
2
Suppose v - 3*k = 349, 5*v - 50*k + 46*k - 1734 = 0. List the prime factors of v.
2, 173
Let w be 80 + (60/(-14) - 2/(-7)). Suppose -4*d - 2*k = -978, w + 905 = 4*d + 5*k. What are the prime factors of d?
2, 61
Let v(l) = 98*l - 35. Let s be v(8). Suppose -5*x + s = 3*w - 1369, -3*x - 5*w = -1258. What are the prime factors of x?
2, 3, 71
Let l = 12398 + -8121. List the prime factors of l.
7, 13, 47
Let d(v) = v + 16. Let p be d(0). Suppose -p = -5*h - 391. Let l = -64 - h. What are the prime factors of l?
11
Let o = -36 + 128. Let q = o + -90. What are the prime factors of 4/q + 1 - -28?
31
Let a(l) = -18*l - 8. Let g(c) = -c + 11. Let h be g(9). Suppose -h + 1 = z + r, 0 = 2*z + 4*r - 6. What are the prime factors of a(z)?
2, 41
Suppose -2*a + 9*f + 11811 = 6*f, -23642 = -4*a + 2*f. List the prime factors of a.
3, 73
Let h = 9106 + 1969. What are the prime factors of h?
5, 443
Let m(r) = r**2 - 4*r + 3. Let f be m(4). Suppose -4*v + l + 1201 = 0, 5*v - 1498 = -f*l + l. What are the prime factors of v?
2, 3, 5
Let t(x) = -3*x**2 + 2*x + 28. Let y be ((-12)/3 + 5)*-1. Let z(f) = -f**2 + f - 1. Let p(j) = y*t(j) + 2*z(j). List the prime factors of p(7).
19
Let u(g) = -g**3 - 8*g**2 - 16*g - 24. Let c be u(-6). Suppose 2*q - 4*q = 4*d - 1104, -d + 1 = c. What are the prime factors of q?
2, 5, 11
Let s(g) = 2*g - 23. Let h be s(-6). Let t = h - -38. Suppose 2*l = t*n - 116, -l = 4*l - 25. List the prime factors of n.
2, 3, 7
Suppose 29742 = y + 4*m, 0 = 4*y - 0*y - 2*m - 119022. Suppose -y = -33*f - 9723. What are the prime factors of f?
607
Let m = -416 - -424. What are the prime factors of m/(-20) - (-1 + 6948/(-20))?
2, 3, 29
Let p be 7 - 54/12 - (-3)/(-2). What are the prime factors of ((-858)/130)/((2/(-80))/p)?
2, 3, 11
Let r = -389 - -3961. Suppose 0 = -5*h - q + 3891 + 588, 4*h - r = 2*q. List the prime factors of h.
5, 179
Suppose -8*i + 77056 + 4344 = 0. List the prime factors of i.
5, 11, 37
Let n(c) = c**2 - 57*c + 77252. What are the prime factors of n(0)?
2, 7, 31, 89
Let l(w) = -w**2 + 4*w + 4. Let x be l(4). Let u(t) = t**2 + t - 1. Let o(z) = -122*z**2 + 8*z - 1. Let r(d) = x*u(d) - o(d). List the prime factors of r(-1).
127
Suppose -4*m = 3*g - 5415 - 15024, -5*g - m + 34048 = 0. List the prime factors of g.
11, 619
Let z = -67 + 78. Let i = z - 9. What are the prime factors of i?
2
List the prime factors of -26*(6 - (-104)/(-16))*(723 - -1).
2, 13, 181
Let s = 19079 - -8. What are the prime factors of s?
19087
Let u = 2440 - -8381. List the prime factors of u.
3, 3607
What are the prime factors of -205*(-7 + ((-4565)/25)/11)?
2, 41, 59
Let v = 39 + -83. Let c = v - -48. Suppose 0 = 2*k + c*k - 360. List the prime factors of k.
2, 3, 5
Let d = 8746 - 5993. What are the prime factors of d?
2753
Let o(q) = 847*q**2 - 68*q + 32. List the prime factors of o(4).
2, 13
Suppose -61*w - w - 26*w + 3433936 = 0. List the prime factors of w.
2, 109, 179
Let n = -296 - 685. Let v be (-1)/((6/n)/2). Let c = v - 187. What are the prime factors of c?
